Calculate (-5 - -30) + (26 + -16 - -17).
52
What is 73 + 1 + 37 + 5 + (0 - 3)?
113
What is ((0 - 1) + 14 - (-117 - (269 + -391))) + 91?
99
Evaluate (30 - 59 - 45) + -20.
-94
Evaluate 1 - 1 - (-83 + 67 - (1 + -64)).
-47
What is (-3 + -29 + 43 - -44) + 2?
57
(-18 - (7 - (-6 + 19)) - -64) + -6
46
What is 11 - (29 + (-19 - (8 - 32)))?
-23
What is the value of (3 + -5 - 21) + (-6 - 9)?
-38
Calculate (-49 - -19) + 117 - (17 - (-1 - -15)).
84
Evaluate -5 + (140 + -154 - (-3 - 9)) + (1 - -56).
50
Evaluate 1 + 20 + (-135 - -125) - (70 - 8).
-51
Calculate 76 + -71 + -9 + 36 + -3.
29
-25 - ((-50 + 71 - 37) + 4 + 0)
-13
What is (-5 - -50) + -12 + -42 + 45?
36
(-30 - -3) + 1392 + -1324
41
Evaluate -5929 + 5839 + (0 - 15).
-105
Evaluate 16 + 28 + 47 - (5 + (0 - -8)).
78
Calculate -2 - (7 + (-1 - 7)) - (0 + -2 + -1).
2
What is the value of (-57 - 1) + 1038 + -999?
-19
Evaluate 38 - (90 - 49) - ((2 - 4) + -48).
47
Calculate 21 - (103 - (-11 + 50)).
-43
24 - ((-5 - 4) + 13 + -14)
34
Calculate 5 + (3 - -52) - (57 - 34 - 27).
64
(28 - 37) + (-306 - -292)
-23
Evaluate (8 - 1 - 4 - (-2 - -4)) + (-36 - 17).
-52
What is -65 + -71 + 109 - 53?
-80
Evaluate -1 - (-24 + 18) - (3 + -3 - 24).
29
(65 - 61) + -3 + (-3 - -7 - 11)
-6
Calculate 349 + -340 - (1 - (78 + -3)).
83
-18 + 1 + (-134 - -41 - -144)
34
What is the value of (169 - (-7 - -14) - (33 - 18)) + 3 - 12?
138
Calculate (16 + (-9 - -5) - (9 - 4)) + -10.
-3
What is 44 + 24 + -43 + 23 - (-1 + 3)?
46
What is the value of -5 + -62 + (-104 - -141)?
-30
What is the value of (-56 - 1) + (-8 + -2 + 5 - (-30 - -15))?
-47
Evaluate 10 - ((-13 - -150) + 14 + -19) - (-9 + 1).
-114
Evaluate -23 + (8 - 4) + 613 + -685.
-91
Evaluate (-16 - (14 - 31)) + -5 + -39 + -9 + 13.
-39
What is the value of 106 - 87 - 29 - (27 - -1)?
-38
(7 - 4) + 60 + 763 + -784
42
Calculate 0 - (4 - 65) - (16 - (8 + -20 - -25)).
58
What is 2 + 1 + -1 + 200 + (-60 - 44)?
98
What is -63 + (15 - 17) - ((-4 - 2) + (-4 - -14))?
-69
What is the value of -75 + 6 - -52 - (14 - -4)?
-35
Calculate -25 + -75 + 35 + 12.
-53
Calculate -3 + 26 + 1 - (-165 + 133 - 13).
69
Calculate -3 - 32 - (30 - 26).
-39
Evaluate 22 + -23 + (-25 - (-25 + 68)).
-69
Evaluate -11 + -17 + 34 + -101 + (-2 + 3 - 1).
-95
-5 + 46 + 7 + (-12 - (9 + -9))
36
What is the value of 47 + -1 - ((-186 - -56) + 177)?
-1
-20 - -2 - (-17 + 37 + 1 - (9 + -1))
-31
Calculate 702 + -727 + 15 + 0 + 103 + 0.
93
What is -4 - -13 - (17 - (-15 - (-9 - -14)))?
-28
Calculate -10 + 32 + -23 + (98 - ((-19 - -9) + 2)).
105
-1 + 2 + -13 + 1072 + -1059
1
What is the value of 12 - (-60 + 6 + 7 + 0) - 7?
52
1 + -77 - (-1010 + 1033)
-99
Evaluate 18 - ((0 - (-36 + 103)) + 20).
65
Calculate 2 - 3 - (-2 - -4) - (220 + -178 - 182).
137
Evaluate 6 - (16 - (4 + 4) - 11).
9
Calculate 3 - 229 - (-3159 - -3037).
-104
Evaluate -8 - (8 + -9 - 1) - 16.
-22
Evaluate (1 - 61) + 0 - ((44 - -2) + (-1136 - -1087)).
-57
-2 - 13 - (8 - 36)
13
What is (56 + -37 - 80) + (2 + 0 - 4)?
-63
Calculate (-125 + 76 - (5 - -1)) + 0.
-55
What is 63 + (75 - (28 - -7)) + -28?
75
2515 - 2512 - (-2 + -3)
8
What is -11 - (232 + -217 - (0 + 2))?
-24
Calculate 13 + 11 + -16 + -4 + -2 - 12.
-10
Calculate 21 + (-38 - (16 - 32)) + -16 - -59.
42
(0 - -25) + (-3 - 6)
16
Calculate -18 - (133 + -134 - (12 - (2 + 1))).
-8
What is the value of -2 + (4 - 0) + -4 - (350 + -344)?
-8
What is 0 + 23 + (23 - (-14 - -30)) - -6?
36
What is (-28 - -110) + -35 + 1?
48
-22 - (24 + (-12 - 42))
8
What is the value of 15 + (-16 - (7 - (13 + -9 - 1)))?
-5
What is -8 + 55 + -23 - (-5 + 4 + (0 - -10))?
15
What is the value of -71 + -17 + 45 + -20 + 11?
-52
Calculate (0 + -89 - ((29 - (-38 + 29)) + -34)) + -3.
-96
What is (53 - 7) + (28 - 28 - 1)?
45
Evaluate -41 + 10 + 35 + 21.
25
Evaluate 34 + (-3 - (23 + -3)).
11
Evaluate (66 - 83) + -17 + 90.
56
What is the value of -48 + 7 + 43 + (1 - 4)?
-1
Calculate (52 - 0) + (30 - (-3 - -50)) + (5 - -1).
41
Calculate 504 + -528 + (5 + -2 - 4 - -3).
-22
Calculate -14 + 10 + 40 + 10 - 15.
31
Calculate (0 - -10 - (16 - 7)) + (4 - (2 - 2)).
5
Evaluate 256 - 296 - (-82 - (-3 - 3)).
36
Calculate -53 - (-161 + 94 + 92).
-78
20 + (4 - 13 - -10 - 13) + 5
13
What is the value of -22 + (28 - -1 - 3) - -40?
44
What is 133 + (67 - (58 - -4))?
138
Evaluate (222 - 139) + -84 + 35.
34
-5 - (26 + 29 + 5 + 18)
-83
37 + (70 - 46 - 28)
33
Calculate (21 - 1) + (5150 - 5188).
-18
What is the value of 90 - -1 - (-132 - (-63 - 69))?
91
(7 - (9 + -6)) + (21 - 23)
2
Evaluate -11 + -1 + -4 - (-38 - -74 - 70).
18
51 + 84 + -117 - (3 + 125 - -4)
-114
Evaluate -340 - -318 - (3 + -2 + -14).
-9
Calculate (-1 - -19) + (1 - -33 - 61).
-9
7 - (30 - (-1 + 11) - -1 - 13)
-1
What is the value of 0 + -113 - (-6 - (14 - -15) - (-27 - -1))?
-104
What is -3 + (3 - -3 - 3 - (99 - 84))?
-15
What is the value of 1 + 17 - (-54 + (15 - -57))?
0
Evaluate (-66 - -76 - -64) + -57.
17
Calculate 11 - (-33 - -37 - (-23 + -1 - (-7 + 10))).
-20
Evaluate 1 - -3 - (47 + -19 + -51).
27
Evaluate -21 + (10 + 0 + 138 + -163 - -135).
99
What is 52 + (-64 - -36) + -25 - 31?
-32
What is 0 + 17 - (-5 - (17 + (-12 - 21))) - 93?
-87
What is the value of -14 + 11 + 25 + -17 - (21 + 1)?
-17
80 + (-54 - 11) + 40
55
Evaluate (-247 - -139) + -5 + 27 - -1.
-85
Evaluate -11 + -44 + (73 - 34).
-16
Evaluate -53 + 24 + 29 - 35.
-35
-14 + 34 + 6 + -71 + 41
-4
What is the value of 135 + -5 + 4 - (37 - (0 - -28))?
125
What is the value of (1 - 61) + -719 + 734?
-45
Calculate (-51 - -4) + (268 - 245).
-24
What is 142 + -7 + -134 + 0 + -1 + -10?
-10
What is the value of (5 + -1 + -6 - 0 - 1) + -1219 + 1252?
30
Evaluate -25 + (7 - 1) + -86 + 33 + 71.
-1
Calculate -30 - (67 - 126) - -1.
30
What is the value of -71 - (-84 + (42 - -10))?
-39
Calculate 12 + -67 - (-69 + -72).
86
Calculate -298 + 483 - 148 - (1 - 83).
119
Calculate -96 + (19 - -88) - (12 - 2).
1
5 + (71 - 81) + -51 + (1 - -1 - 0)
-54
Calculate (-57 - 1) + -44 + -9 + (-5 - (2 + -2)).
-116
What is the value of -28 - (32 - 46) - -52?
38
What is 74 + -106 - -22 - (-61 - (-4 + 2) - 2)?
51
(4 - 7) + 23 - (-27 - (8 - 0))
55
What is the value of 39 - (-166 + 165 - (-1 + -2))?
37
Evaluate 69 + -46 - -44 - -3.
70
Evaluate (129 - 1) + (8184 - 8348).
-36
What is the value of 8 - (20 - -2) - -27?
13
What is 226 - (-310 - -571) - (-1 + 1 + 10)?
-45
Evaluate 331 - 331 - ((-18 - 2) + -4).
24
Evaluate 0 + 10 - (-527 - -555).
-18
What is (367 - 419 - -137) + (31 - 1)?
115
Calculate -12 + 7 + -7 + -6 + (30 - -2).
14
What is 1 + 26 - (-244 + (135 - -115))?
21
What is the value of -18 - (27 + 20 + (-15 - 25) - -17)?
-42
Calculate (7 - (18 - 5)) + -3 - -60.
51
What is the value of 41 - (169 - 56) - -196?
124
What is -31 - (-39 + (71 - 37))?
-26
What is (14 - (-5 - -8) - 17) + -49 + (0 - -11)?
-44
What is the value of 87 + -17 + (13 - 89)?
-6
Evaluate 17 + (-53 - -45) + 25.
34
Calculate -12 - (-22 + (84 - 56)).
-18
Calculate 19 + 2 + -65 - -72.
28
-92 + 105 + (-28 - (-1 - -9)) + 6
-17
Evaluate (-8 - (-3 + 6 - 7 - -6)) + -3 + 14.
1
Evaluate -23 + -5 + 2 + 1052 + -1035 + -34 + 1.
-42
Calculate -1 + -33 + 29 - (-46 - (-2 - 0)).
39
6 + -4 + 1 - -41
44
What is -2 - (-3 + 11 - ((-14 - 6) + 49))?
19
Evaluate 22 + -130 - -169 - (0 + -2 + 8).
55
Calculate (-27 - 36) + 81 + -42.
-24
Calculate 5 - -91 - ((10 - 1) + (612 - 611)).
86
What is the value of 74 - (6 + 56 + -52)?
64
Evaluate 26 - (-19 - (5 - 16) - -46).
-12
Calculate (0 - 29) + (-6 - -9) + 1561 + -1549.
-14
What is the value of -1 - 36 - (943 + -1034)?
54
Calculate (-21 - (-38 + -9) - 17) + (4 - (144 - 4)).
-127
0 + (10 - 45) + -4
-39
What is 12 + (24 - (19 - -2 - 16))?
31
-362 + 232 - (5 + 26) - -33
-128
95 + -82 + (-1 - 7) + -54
-49
Calculate 22 + (-46 - -90 - 29) - 2.
35
Calculate 16 - 1 - (-29 + -39 + 48).
35
What is the value of -123 + (108 - (178 - 94))?
-99
Calculate -2 - -4 - (-769 - -827).
-56
-5 + (16 - 2) + (21 + -52 - -66)
44
(-107 - (-12 + -34)) + 82
21
Evaluate (-12 + 9 - (-1 + -7)) + -63 - (-561 + 556).
-53
39 + (130 - 161) - (54 - 0)
-46
Evaluate 18 - (-6 - (-14 - (12 + -27 - -9))).
16
-10 - (-43 - -23 - -15)
-5
Calculate 12 + -62 + 10 - (0 - (-13 + (-2 - -7))).
-48
Calculate 18 + -2 + (6 + (15 - 22) - (1 - -2)).
12
73 + 1 + (-24 - (16 + 1 + -35))
68
(119 - 60) + -121 + -3
-65
0 - (13 + -1) - (5 + (12 - 18) + 11)
-2